uppose 191*f - 12 = 195*f. Let w be 30/90 + (-17)/f. Calculate the highest common divisor of w and 66.
6
Let b = -19 + 13. Let g be 38 + -29 + b/(-2). What is the highest common factor of 48 and g?
12
Let z be (3 - (-1 - 0)) + 48 + -30. Suppose -4*q - 524 = -4*d, -d = 2*d + 2*q - 398. Suppose -4*p = -6*p + d. What is the highest common divisor of z and p?
22
Let q = 31 + -11. Let y = -1406 - -3173. Suppose -147 + y = 9*i. Calculate the highest common factor of q and i.
20
Let w be -1 + (-54)/9 + 470. Suppose 0 = -11*x + w + 2001. Calculate the highest common factor of x and 56.
56
Let x = -11 + -4. Let j be 415/x*(-2 + -1). Let o = 291 - j. What is the highest common divisor of o and 26?
26
Let c = 623 - 359. Suppose 158*k - 6352 + 2598 - 10150 = 0. What is the highest common factor of c and k?
88
Let o be (-384)/(-320)*10/3. What is the highest common factor of o and 6796?
4
Suppose 2*l = 42*t - 44*t + 6, 5*l - 24 = 4*t. Suppose 4 = 4*c, 5*c + 175 = l*f - 0*f. What is the greatest common factor of 10 and f?
5
Suppose 693 = -14*u + 25*u. Suppose 4*g = d - u, 9*d + 2*g - 86 = 7*d. What is the greatest common factor of d and 94?
47
Let t = 731 + -720. Suppose 1681*w + t = 1682*w. Let y(r) = -r**3 + r**2 + r + 1. Let g be y(-2). What is the highest common factor of w and g?
11
Suppose 32*n - 172 = 84. Let c(l) = l**2 + 2*l - 19. Let w be c(n). Let q = 8 + 53. Calculate the greatest common factor of q and w.
61
Suppose a = 5*t - 230, 5*t + 7*a - 210 = 4*a. Suppose -51*l + 528 = -t*l. What is the highest common divisor of 16 and l?
8
Let s be 12 - (2 + (-2)/1). Let k(j) = j**3 + 12*j**2 + 2*j - 3. Let v be k(-7). Let t = 288 - v. What is the highest common divisor of t and s?
12
Let m(d) be the first derivative of -10*d**2 - 27*d + 2. Let v be m(-9). What is the greatest common factor of v and 255?
51
Let k be (-70)/4*(2 + 0). Let q be 7/k + (-196)/(-5). Let g be 61/244 - (107/(-4) - -1). Calculate the highest common factor of g and q.
13
Suppose -3*t + 684 = 4*q, t + 2*t = 5*q - 828. Suppose 7*l - q = -17*l. Calculate the highest common divisor of l and 973.
7
Let v = -236 + 231. Let d be (-46)/v + ((-396)/(-45) - 9). Let k = 17 + -8. What is the highest common divisor of d and k?
9
Suppose -96*m = -98*m + 516. Let v = m - 192. Calculate the greatest common factor of v and 88.
22
Suppose -12 = 2*r, -z - 11 = 4*r - 311. What is the highest common factor of 126 and z?
18
Let t be 9648/48*(14 - -2). What is the highest common divisor of 201 and t?
201
Suppose -2*k + 4*w = 2*w - 86, 3*k - 93 = -3*w. Calculate the greatest common factor of k and 2331.
37
Suppose -32433 + 1068 = -51*f. What is the greatest common factor of 1722 and f?
123
Suppose -28*t - 327*t + 1812 = 98*t. What is the highest common divisor of t and 568?
4
Let n(j) = 1243*j**3 - 21*j**2 + 23*j - 2. Let p be n(1). Calculate the highest common factor of 99 and p.
11
Let d(x) = -36*x + 27. Let t be d(-3). Suppose 5*g - 110 = t. Calculate the greatest common divisor of g and 28.
7
Let q be (-458)/(-23) + 4/46. Suppose 0 = -9*c - 6*c + 300. Calculate the greatest common divisor of c and q.
20
Suppose i - 187 = 4*f, 3*i - 646*f + 647*f - 522 = 0. What is the greatest common factor of 105 and i?
35
Let u be ((-90)/(-12) - 7)/((-2)/264). Let v be u*-4*54/48. What is the greatest common factor of 33 and v?
33
Suppose -9*s + 5*v + 610 = -7*s, s = 3*v + 303. Calculate the greatest common factor of 2268 and s.
63
Suppose k + 2*k = -2*y + 229, 5*y - 303 = -4*k. Suppose 5*w - k = -4*c + 14, 0 = -2*c + 8. What is the highest common factor of w and 285?
15
Let m(o) = -4*o + 27. Let p be m(-23). Suppose -p = -a + 24. Calculate the greatest common factor of a and 39.
13
Let v = -4854 - -4934. What is the greatest common divisor of 192 and v?
16
Let h be 675/(-90)*(-5 + 1). Suppose -5*q + 321 + 129 = 0. What is the greatest common factor of h and q?
30
Let k be 8/12*6*(-46)/(-8). Suppose -45 - k = -2*w. What is the greatest common factor of 1088 and w?
34
Let l = 81 - 76. Let y(q) = q**3 + q**2 - 2*q - 12. Let f be y(l). Suppose 3 = 3*n, 2*n + 29 + 1 = 2*v. Calculate the greatest common divisor of v and f.
16
Suppose 6515 = -103*b + 108*b - 5*n, 0 = -5*n + 5. What is the highest common divisor of b and 8?
8
Let w(u) = -39*u**3 + 2*u**2 - 49*u - 50. Let z be w(-1). Let x be 150*((-36)/20 - -3). Calculate the greatest common factor of x and z.
20
Let p(d) = -2*d**2 + 9*d + 30. Let a be p(6). Suppose n - 5*i - 68 = 0, -5*i + 8 = -a. Calculate the highest common factor of n and 66.
22
Suppose 88 = -y + 5*y. Let b(q) = 3525*q - 17449. Let x be b(5). Calculate the highest common divisor of y and x.
22
Suppose 4*t - 3*r - 84 = 0, 453 = -r + 453. Let y be 1 - 2/(-1) - -3. Calculate the highest common divisor of y and t.
3
Suppose 8*n - 3*n = 2235. Let s = 453 - n. What is the highest common factor of 33 and s?
3
Let f = -778 + 920. Suppose 139*h - f*h + 6 = 0. Calculate the highest common divisor of 58 and h.
2
Let a(w) = -97*w**3 - 2*w**2 - w - 3. Let j be a(-2). Let u be (-3)/2 + (-3 - j/(-26)). What is the highest common divisor of 20 and u?
5
Let o be 12/36 - 191/(-3) - 3. Suppose -o*i = -60*i - 19. What is the greatest common divisor of 475 and i?
19
Let a(h) = -3*h + 126. Let v be a(32). Let s be v/9*108/45. Calculate the greatest common factor of s and 7.
1
Let b be (4/(-72)*6)/((-2)/90). Suppose 0 = 2*g - 6, -a + 7*g + b = 5*g. Calculate the greatest common divisor of 3 and a.
3
Suppose 6*a + 95 - 35 = 0. Let p be ((-220)/(-132))/(a/(-18)). Calculate the highest common divisor of p and 81.
3
Let n(z) = -9*z + 128. Let o be n(4). Calculate the highest common divisor of o and 44.
4
Let p(w) = 3*w + 2. Let y(o) = 3*o + 2. Let n(l) = 4*p(l) - 5*y(l). Suppose 4*b + 30 - 14 = 0. Let q be n(b). Calculate the highest common factor of q and 110.
10
Let r(x) = 2*x**3 - x**2 - 7. Let n be (8/6)/(-1 - (-13)/9). Let k be r(n). Let d = -27 + k. What is the greatest common divisor of d and 11?
11
Let r be 0 + 2/(-3) + (-88)/(-33). Suppose -442 = -5*w + r*u, 2*w - w = -u + 94. Suppose w = 58*z - 53*z. Calculate the greatest common factor of 18 and z.
18
Let p be 12 + (30 - 1) - 8. Calculate the greatest common factor of 2937 and p.
33
Let b be (-8855)/(-245) + ((-75)/35)/15. Let p = 31 + 65. Calculate the greatest common divisor of p and b.
12
Let y = -180 - -271. Calculate the greatest common divisor of 39 and y.
13
Let y be -268 + 2 + 8/(-2). Let f = y + 310. Calculate the highest common factor of f and 24.
8
Let k be ((-34034)/88)/(14/(-16)). Calculate the greatest common divisor of 286 and k.
26
Let q(s) = -s**3 + 9*s**2 - 4*s - 7. Let p be q(7). Let l(d) = 9*d + 1. Let k be l(3). Calculate the greatest common divisor of k and p.
7
Let k be ((-3)/2)/((-9)/12). Suppose -76 = k*j - 4*j. Let g be 1 + 1548/16 - (-2178)/(-792). Calculate the highest common factor of g and j.
19
Let t be 80/(-12) + 6 - (6 - (-1040)/(-12)). Let g be (-1 - -1 - 0) + 120. What is the greatest common divisor of t and g?
40
Let z be (-6)/((3/9)/((-32)/(-72))). Let x be -1 + z/(-4) - -3. Suppose 26 = c + x*t, -4*c + 154 + 35 = -t. Calculate the greatest common divisor of c and 92.
46
Let n be 48 + (8 + -8 - -24). Calculate the greatest common factor of 1494 and n.
18
Let t be (-9)/(-6)*66/9. Suppose 162 = 5*b - 4*s - 325, -4*b - s = -398. Calculate the highest common factor of b and t.
11
Let g be (2 - -32)*(-1)/(-2). Let a = -6100 + 6117. What is the greatest common divisor of g and a?
17
Let x(o) = 11*o + 62. Let n(b) = 6*b + 33. Let f(r) = 5*n(r) - 3*x(r). Let z be f(-9). Calculate the highest common factor of z and 150.
6
Let q be 1 + 2 + (5 - 4) + -3. Suppose 0 = -n + q - 4. Let f be n/(1 - 4) - -35. Calculate the highest common divisor of f and 9.
9
Let q(r) = -r**3 - 21*r**2 - 22*r - 25. Let p be q(-20). Let n be (8 - (2 - 1))/(p/165). What is the highest common factor of 7 and n?
7
Let d(y) = 3*y**3 - 3*y**3 + 15*y - 11 + 3037*y**2 + y**3 - 3052*y**2. Suppose -42 = -0*s - 3*s. Let w be d(s). What is the highest common factor of w and 12?
3
Let h(z) = -926*z - 10496. Let l be h(-12). Calculate the greatest common divisor of 392 and l.
56
Let a = 451560 + -451532. Let c be (-4 - -1 - 2)/(-1). Suppose -425 = 3*z - 6*z - c*s, -4*z + 5